f g.
3, 5, 17
Let w(v) = 28*v - 3. Suppose -4*o - q = -4, 4*q = -4*o - q - 12. Let c be w(o). Suppose b - 156 = -c. What are the prime factors of b?
103
Suppose 18*b + 213708 - 79366 = 31*b. What are the prime factors of b?
2, 5167
Let p(i) = 6700*i**2 - 13*i + 9. What are the prime factors of p(2)?
26783
Let q = 79058 - 54964. List the prime factors of q.
2, 7, 1721
Let a(c) = 8*c**2 - 4*c. Suppose -3 = 4*x - 5*x. Let b be a(x). List the prime factors of (-4)/30 - (-4328)/b.
2, 3
Let l(i) = -i**2 + 4*i + 7. Let r be l(-2). Let y = r - -8. What are the prime factors of 52*(y/(-6) - 14/(-8))?
5, 13
Let q = -792 + 797. Suppose 1236 = z + q*s, -7*z - 6060 = -12*z - s. List the prime factors of z.
7, 173
Let j = -17180 - -21128. What are the prime factors of j?
2, 3, 7, 47
Let d(c) = -94*c**2 + 4*c + 2. Let h(a) = 4*a + 7 - 283*a**2 + 7*a + 2*a. Let k(u) = -7*d(u) + 2*h(u). List the prime factors of k(-1).
2, 47
Suppose 5*z = y + 47831, -73*y + 70*y = -z + 9583. What are the prime factors of z?
5, 1913
Suppose 24*a + 82053 = -63387. What are the prime factors of (54/30 - 0)/((-18)/a)?
2, 3, 101
Suppose 2*s - 47364 + 4064 = 5*w, -3*s - 2*w = -64874. List the prime factors of s.
2, 3, 5, 7, 103
List the prime factors of 2563200/108 - (-12)/(-9).
2, 17, 349
Let k(l) = -2*l + 1. Let p be k(-9). Suppose -s = 3*s - 3*i + 1, p = 5*s + 3*i. Suppose h = 5*y + 61, s*y - 5 = 3*y. List the prime factors of h.
2, 3
Suppose -225 = 2*p + 3*v, 36 = 3*v + 39. Let i be 2/6*21*1. Let d = i - p. What are the prime factors of d?
2, 59
Let n(o) = o**3 + 8*o**2 - 5*o - 19. Let l be n(-12). Let v = -377 - l. List the prime factors of v.
2, 79
Let x = 20970 - -4472. What are the prime factors of x?
2, 12721
Let d = -39 + 44. Suppose d*o - 24186 = -24*o. What are the prime factors of o?
2, 3, 139
Let p = -122 - -126. Let w(q) = -q**3 + 5*q**2 + 3*q - 17. Let s be w(p). Suppose -s*i + 1694 = -4*i. What are the prime factors of i?
2, 11
Suppose 9*i + 30910 = -70*i + 845321. What are the prime factors of i?
13, 61
Suppose 4*b - 51 = 5*f, 4*f - 5*b + 31 = -8. Let u be (f/(-22))/((-1)/(-16)). Suppose -4*o + g = -90, u = 2*o + g - 40. List the prime factors of o.
23
Suppose 3*s - 3*i - 54 = 0, -3*i + 44 = 2*s + 2*s. Let j(g) be the second derivative of 4*g**3/3 - 9*g**2/2 - 2*g - 57. List the prime factors of j(s).
103
Let s be (-634)/14 + 8/28. List the prime factors of (4 + s/12)/((-6)/(-27672)).
1153
Let u = -6 - -10. Suppose -u*h = n - 102, -4*n + 510 = n + 5*h. What are the prime factors of (0 - (-4)/(-2))/((-6)/n)?
2, 17
Let m = -10 - -13. Suppose -5*z = m*p + 23, -2*p - 39 = 2*p + 5*z. List the prime factors of p/4 + 1 - (-1 + -23).
3, 7
Let d(w) = 42*w**2 + 62*w + 443. List the prime factors of d(-11).
29, 167
Let s be 18/(-21)*(0 + 406)/(-2). Let f = s + -102. Suppose b - f = 15. List the prime factors of b.
3, 29
Let j be -1*(3 + -4 + -1). Suppose -4 = -j*n - 60. Let l = -2 - n. List the prime factors of l.
2, 13
Let s be 3*67 - (14 - 17). Let d = 293 - s. List the prime factors of d.
89
Let s(k) be the third derivative of 5*k**4/24 + 3*k**3 - 2*k**2. Let v be 395/395*3/((-3)/(-20)). What are the prime factors of s(v)?
2, 59
Let r(f) = -746*f**2 + 4*f - 3. Let o be r(1). What are the prime factors of 3*(-8)/60*o + 3?
7, 43
Let v be 20 - (0 - -2 - 0). Let a be ((-36)/(-15))/6 - 90/(-25). What are the prime factors of 1590/v + a/6?
89
Let m be (0 + 1)*2*3. Suppose 5*p = m*p + 6*p. What are the prime factors of p/3 + 82 + 4?
2, 43
Suppose 2*v + 5*o - 28 = 0, 3*v + o = v + 12. Suppose n - s = -n + 433, v*n + 2*s = 862. List the prime factors of n.
2, 3
Suppose 13*s - 15 = 16*s, q + 5*s = 9308. What are the prime factors of q?
3, 17, 61
Let c(x) = -3*x**2 - 554*x + 429. What are the prime factors of c(-87)?
2, 3, 5
Let y be (-6)/(-10)*400/48. Suppose -2*k + k - 1330 = -3*u, 0 = 3*u - y*k - 1310. What are the prime factors of u?
5, 89
Suppose -175*z + 2*n - 19602 = -178*z, -5*n + 15 = 0. List the prime factors of z.
2, 23, 71
Let x(m) = 2*m**3 - 3*m**2 - 4*m - 1. Let d(i) = -i - 1. Let w be d(-4). Let c be x(w). Let o = 50 - c. What are the prime factors of o?
2, 3
Suppose 0 = -2*k - 4*c + 25466, -2*k - 379*c = -376*c - 25463. List the prime factors of k.
11, 13, 89
Suppose 0*a - 4*a = -16. Let j be 26/(-4)*((-893)/247 + 3). Suppose j*p - 2*q = -4*q + 856, a*p - 862 = -5*q. What are the prime factors of p?
3, 71
Suppose -4*n + 25 = n, -2*n + 70 = 5*c. Let i be (44/c + -4)*-9. Suppose 0 = i*v - 3*y - 96, -2*v - y + 108 = 2*v. List the prime factors of v.
2, 7
Let s(i) = 5*i - 14. Let p be s(6). Let y = p - 12. Suppose -2*t + 64 = -0*t - 5*a, -5*t + 177 = -y*a. List the prime factors of t.
37
Let r(g) = -3*g**3 - 592*g**2 + 994*g + 29. What are the prime factors of r(-199)?
2, 3, 19
Suppose 751 - 97 = -6*b. Let s = 148 + b. List the prime factors of s.
3, 13
Let n(o) be the first derivative of 49*o**2 - 3*o - 44. What are the prime factors of n(5)?
487
Let n = -2434 - -6303. List the prime factors of n.
53, 73
Let c = -4794 + 5139. List the prime factors of c.
3, 5, 23
Let u(s) = -4*s + 2*s - 36 - 2*s. Let o be u(-7). What are the prime factors of 56/3 + o/12?
2, 3
Suppose 3*d + 5*g - 170404 = 0, -435*d + 439*d = 3*g + 227186. List the prime factors of d.
2, 7, 4057
Let j = 613 - 308. Let m = 675 - j. List the prime factors of m.
2, 5, 37
Let b be (-1)/(-2) + 54/(-12). Let q be (-2768)/20*(225/30)/(-3). What are the prime factors of b + q/4 + (-6)/4?
3
What are the prime factors of (-2 - (-234984)/14) + (-3)/(-7)?
13, 1291
Suppose 13*b + 16 = 29. What are the prime factors of (8 + -5)/b - -1196 - 5?
2, 3, 199
List the prime factors of 18*3/99 + 4*(-2089475)/(-220).
37991
Suppose -5*c = -2*c - 159. Let s = c - 49. Suppose 4*o = -s, 0*o = -2*z - o + 31. What are the prime factors of z?
2
Suppose 2*k - 2758 = -6*f + 73946, 2*k = 4*f + 76754. What are the prime factors of k?
3, 7, 29
List the prime factors of -1558*155/(-10) - (-4 - 0)/1.
3, 83, 97
List the prime factors of 158/4*5*(-95)/((-9500)/15480).
3, 43, 79
Suppose -3453854 = -281*s + 6605946. What are the prime factors of s?
2, 5, 179
Let u(t) = -t**2 + 2. Let r(a) = 36*a**2 - 5*a + 1. Let f(i) = r(i) + 2*u(i). List the prime factors of f(1).
2, 17
Let y(b) = -b**3 - 13*b**2 - 20*b + 13. Let m = 56 - 69. What are the prime factors of y(m)?
3, 7, 13
Suppose -4*a = 5*n - 3 + 11, 3*a = -6. Suppose n = 3*h - b - 3*b - 25, -2 = -2*h - b. Suppose 4*m + 15 = -m, h*m = -4*j + 27. List the prime factors of j.
3
Let s = -85 + 87. Suppose 0 = -s*l + 4*p + 26, 5*l + p = -0*p + 32. Let d(y) = 36*y - 25. What are the prime factors of d(l)?
227
Let u(a) = -9 - 9*a + 15*a - 9*a + 0. Let y be u(-7). Let c = y - -5. List the prime factors of c.
17
Suppose 4*d - 520 - 15746 = -2*k, 16236 = 2*k - 2*d. What are the prime factors of k?
8123
Let o be (160/(-10))/(4/32). Let d = 428 + o. What are the prime factors of d?
2, 3, 5
Let t(x) = 6*x + 62. Suppose -302 + 224 = -3*l. What are the prime factors of t(l)?
2, 109
Let z(r) = 53*r - 112. Let a(n) = -160*n + 337. Let o(l) = -3*a(l) - 8*z(l). What are the prime factors of o(8)?
3, 37
Let l(d) = -3*d + 14. Let j be l(6). Let m be j/4 + -2 + 75/(-1). Let k = 121 + m. List the prime factors of k.
43
Let k(g) be the second derivative of 31*g**4/12 - 3*g**3 - 16*g**2 - 2*g + 9. List the prime factors of k(-2).
2
Let a be -6*(-1 - (-172)/(-24)). List the prime factors of 241*2 + -40 + a.
491
Let b(z) = 2*z**2 - 32. Let u(q) = -q**2 + 34*q + 170. Let i be u(38). List the prime factors of b(i).
2, 7, 11
Suppose 2476 = -6*r + 104764 + 145764. List the prime factors of r.
2, 7, 2953
Let l(p) = p**2 - 45*p + 236. Let d be l(6). Suppose 0 = -2*y - 3*v + 2875, -20*y + 7178 = -15*y - d*v. List the prime factors of y.
2, 359
Suppose -i - 3*w = 3, -3*i - 46 = 4*w - 32. Let b(r) be the first derivative of -14*r**2 - 14*r + 2. What are the prime factors of b(i)?
2, 7, 11
Let q(r) = 9847*r + 1332. List the prime factors of q(3).
3, 41, 251
Let h = -284 - -284. Suppose h = -2*d - m + 1287, 4*d - 5*d + 3*m = -633. What are the prime factors of d?
2, 3, 107
Suppose -14968 - 22844 = -2*t - 4*v, 18857 = t - 5*v. List the prime factors of t.
2, 4723
Let c = 36 + -33. Suppose -3*s + 696 = -c*o + 138, 0 = -s - 4*o + 1